{"id":9580,"date":"2026-03-13T18:28:18","date_gmt":"2026-03-13T18:28:18","guid":{"rendered":"https:\/\/tumerchandising.ar\/producto\/cafetera-oster-12-tazas-pantalla-tactil\/"},"modified":"2026-09-03T17:01:19","modified_gmt":"2026-09-03T17:01:19","slug":"cafetera-oster-12-tazas-pantalla-tactil","status":"publish","type":"product","link":"https:\/\/tumerchandising.ar\/catalogo\/categorias\/cafetera-oster-12-tazas-pantalla-tactil\/","title":{"rendered":"Cafetera Oster 12 tazas &#8211; Pantalla T\u00e1ctil"},"content":{"rendered":"<p>Cafetera programable de 12 tazas con pantalla t\u00e1ctil. \u00d3ptima funcionalidad para elegir la hora de preparaci\u00f3n y el tipo de caf\u00e9, gracias a sus funciones programables.<br \/>\nPantalla t\u00e1ctil para mayor facilidad de uso<br \/>\nFiltro de caf\u00e9 reutilizable para un mayor ahorro y menor desperdicio<br \/>\nFunci\u00f3n de apagado autom\u00e1tico despu\u00e9s de 2 horas para mayor seguridad<br \/>\nPreparaci\u00f3n programable para configurar tu caf\u00e9 para la hora m\u00e1s conveniente<br \/>\nSelector de intensidad para un caf\u00e9 m\u00e1s intenso<br \/>\nFunci\u00f3n de Pausa para Servir que permite parar el proceso para disfrutar de una taza de caf\u00e9 durante la preparaci\u00f3n<br \/>\nAccesorio incluido: cuchara medidora para evitar desperdicio de caf\u00e9<br \/>\nPotencia 900WEste producto cuenta con 1 a\u00f1o de garant\u00eda oficial Oster.Para conocer el alcance, las condiciones y c\u00f3mo gestionarla, ingres\u00e1 en:\u00a0www.osterargentina.com\/servicio-y-soporte\/garantias<\/p>\n","protected":false},"excerpt":{"rendered":"<p>Cafetera programable de 12 tazas con pantalla t\u00e1ctil. \u00d3ptima funcionalidad para elegir la hora de preparaci\u00f3n y el tipo de<\/p>\n","protected":false},"featured_media":21028,"template":"","meta":[],"product_brand":[1136],"product_cat":[57],"product_tag":[],"class_list":["post-9580","product","type-product","status-publish","has-post-thumbnail","product_brand-oster","product_cat-hogar-y-tiempo-libre","first","instock","shipping-taxable","purchasable","product-type-variable"],"_links":{"self":[{"href":"https:\/\/tumerchandising.ar\/catalogo\/wp-json\/wp\/v2\/product\/9580","targetHints":{"allow":["GET"]}}],"collection":[{"href":"https:\/\/tumerchandising.ar\/catalogo\/wp-json\/wp\/v2\/product"}],"about":[{"href":"https:\/\/tumerchandising.ar\/catalogo\/wp-json\/wp\/v2\/types\/product"}],"wp:featuredmedia":[{"embeddable":true,"href":"https:\/\/tumerchandising.ar\/catalogo\/wp-json\/wp\/v2\/media\/21028"}],"wp:attachment":[{"href":"https:\/\/tumerchandising.ar\/catalogo\/wp-json\/wp\/v2\/media?parent=9580"}],"wp:term":[{"taxonomy":"product_brand","embeddable":true,"href":"https:\/\/tumerchandising.ar\/catalogo\/wp-json\/wp\/v2\/product_brand?post=9580"},{"taxonomy":"product_cat","embeddable":true,"href":"https:\/\/tumerchandising.ar\/catalogo\/wp-json\/wp\/v2\/product_cat?post=9580"},{"taxonomy":"product_tag","embeddable":true,"href":"https:\/\/tumerchandising.ar\/catalogo\/wp-json\/wp\/v2\/product_tag?post=9580"}],"curies":[{"name":"wp","href":"https:\/\/api.w.org\/{rel}","templated":true}]}}

Cafetera Oster 12 tazas &#8211; Pantalla Táctil

<p>Cafetera programable de 12 tazas con pantalla táctil. Óptima funcionalidad para elegir la hora de preparación y el tipo de café, gracias a sus funciones programables.<br />
Pantalla táctil para mayor facilidad de uso<br />
Filtro de café reutilizable para un mayor ahorro y menor desperdicio<br />
Función de apagado automático después de 2 horas para mayor seguridad<br />
Preparación programable para configurar tu café para la hora más conveniente<br />
Selector de intensidad para un café más intenso<br />
Función de Pausa para Servir que permite parar el proceso para disfrutar de una taza de café durante la preparación<br />
Accesorio incluido: cuchara medidora para evitar desperdicio de café<br />
Potencia 900WEste producto cuenta con 1 año de garantía oficial Oster.Para conocer el alcance, las condiciones y cómo gestionarla, ingresá en: www.osterargentina.com/servicio-y-soporte/garantias</p>

<p>Cafetera programable de 12 tazas con pantalla táctil. Óptima funcionalidad para elegir la hora de preparación y el tipo de</p>
